{"id":3134,"date":"2024-06-19T12:25:49","date_gmt":"2024-06-19T15:25:49","guid":{"rendered":"https:\/\/yumbainteractive.com\/?post_type=product&#038;p=3134"},"modified":"2025-06-09T11:25:20","modified_gmt":"2025-06-09T14:25:20","slug":"show-de-tango","status":"publish","type":"product","link":"https:\/\/yumbainteractive.com\/index.php\/producto\/show-de-tango\/","title":{"rendered":"Show de Tango"},"content":{"rendered":"<p>Viv\u00ed\u00a0 el Show de Tango m\u00e1s apasionante y aut\u00e9ntico que puedas encontrar! Sum\u00e9rgete en la magia y la pasi\u00f3n del tango argentino con nuestras presentaciones\u00a0 que te transportar\u00e1n a las calles de Buenos Aires. Nuestros bailarines\u00a0 te cautivar\u00e1n con su destreza y elegancia, creando una experiencia inolvidable llena de emoci\u00f3n y romance. Ya sea que est\u00e9s buscando entretenimiento para un evento especial, una noche rom\u00e1ntica o simplemente quieras disfrutar de la cultura argentina en todo su esplendor, nuestro Show de Tango es la elecci\u00f3n perfecta. \u00a1D\u00e9jate llevar por el ritmo del tango y vive una experiencia \u00fanica e inolvidable con nosotros!<\/p>\n<div class=\"flex-shrink-0 flex flex-col relative items-end\">\n<div>\n<div class=\"pt-0.5 juice:pt-0\">\n<div class=\"gizmo-bot-avatar flex h-6 w-6 items-center justify-center overflow-hidden rounded-full juice:h-8 juice:w-8\">\n<div class=\"relative p-1 rounded-sm flex items-center justify-center bg-token-main-surface-primary text-token-text-primary h-8 w-8\"><\/div>\n<\/div>\n<\/div>\n<\/div>\n<\/div>\n<div class=\"group\/conversation-turn relative flex w-full min-w-0 flex-col agent-turn\">\n<div class=\"flex-col gap-1 md:gap-3\">\n<div class=\"flex flex-grow flex-col max-w-full\">\n<div class=\"min-h-[20px] text-message flex flex-col items-start whitespace-pre-wrap break-words [.text-message+&amp;]:mt-5 juice:w-full juice:items-end overflow-x-auto gap-2\" dir=\"auto\" data-message-author-role=\"assistant\" data-message-id=\"18ec2cb4-6426-4d4a-99ff-04e68a500c2c\">\n<div class=\"flex w-full flex-col gap-1 juice:empty:hidden juice:first:pt-[3px]\">\n<div class=\"markdown prose w-full break-words dark:prose-invert light\">\n<p><strong>\u00bfC\u00f3mo es nuestro espect\u00e1culo de tango?<\/strong><\/p>\n<p>\u00a1Adaptamos nuestro show a las necesidades de tu evento!<\/p>\n<p><strong>Opciones Disponibles:<\/strong><\/p>\n<ul>\n<li><strong>Una Pareja:<\/strong> Disfruta de la intimidad y la pasi\u00f3n de un d\u00fao de tango, donde cada paso y movimiento cuenta una historia de amor y deseo.<\/li>\n<li><strong>Dos Parejas:<\/strong> Vive la emoci\u00f3n de dos parejas en escena, ofreciendo una coreograf\u00eda sincronizada y llena de energ\u00eda que realza la magia del tango.<\/li>\n<li><strong>Grupo Coreogr\u00e1fico*:<\/strong> Experimenta un espect\u00e1culo impactante con un grupo completo de bailarines, creando una sinfon\u00eda visual y auditiva que te dejar\u00e1 sin aliento.<\/li>\n<\/ul>\n<p><strong>Personalizaci\u00f3n del Repertorio:<\/strong> Nos adaptamos a las necesidades espec\u00edficas de tu evento. Nuestro repertorio es flexible y puede ser modificado para encajar perfectamente con la tem\u00e1tica y el ambiente que deseas crear, asegurando una experiencia \u00fanica y memorable para todos tus invitados.<\/p>\n<p><strong>Haz de tu evento algo inolvidable con nuestro espect\u00e1culo de tango a medida!<\/strong><\/p>\n<\/div>\n<\/div>\n<\/div>\n<\/div>\n<\/div>\n<\/div>\n<p>*Disponible en C\u00f3rdoba &#8211; consulta por disponibilidad en otras ciudades.<\/p>\n","protected":false},"excerpt":{"rendered":"<div class=\"flex-shrink-0 flex flex-col relative items-end\">\n<div>\n<div class=\"pt-0.5 juice:pt-0\">\n<div class=\"gizmo-bot-avatar flex h-6 w-6 items-center justify-center overflow-hidden rounded-full juice:h-8 juice:w-8\">\n<div class=\"relative p-1 rounded-sm flex items-center justify-center bg-token-main-surface-primary text-token-text-primary h-8 w-8\"><\/div>\n<\/div>\n<\/div>\n<\/div>\n<\/div>\n<div class=\"group\/conversation-turn relative flex w-full min-w-0 flex-col agent-turn\">\n<div class=\"flex-col gap-1 md:gap-3\">\n<div class=\"flex flex-grow flex-col max-w-full\">\n<div class=\"min-h-[20px] text-message flex flex-col items-start whitespace-pre-wrap break-words [.text-message+&amp;]:mt-5 juice:w-full juice:items-end overflow-x-auto gap-2\" dir=\"auto\" data-message-author-role=\"assistant\" data-message-id=\"78add36a-c8d4-4c63-be44-f18974b68987\">\n<div class=\"flex w-full flex-col gap-1 juice:empty:hidden juice:first:pt-[3px]\">\n<div class=\"markdown prose w-full break-words dark:prose-invert light\">\n<p><strong>\u00a1Vive la Pasi\u00f3n del Tango!<\/strong><\/p>\n<p>Disfruta de un espect\u00e1culo de tango \u00fanico que te llevar\u00e1 al coraz\u00f3n de Buenos Aires. Elige entre una pareja, dos parejas, o un grupo coreogr\u00e1fico, y personaliza el repertorio para adaptarse a tu evento. Sum\u00e9rgete en una noche de sensualidad, emoci\u00f3n y destreza.<\/p>\n<p>\u00a1Haz de tu evento algo inolvidable!<\/p>\n<\/div>\n<\/div>\n<\/div>\n<\/div>\n<\/div>\n<\/div>\n","protected":false},"featured_media":3135,"comment_status":"closed","ping_status":"closed","template":"","meta":[],"_links":{"self":[{"href":"https:\/\/yumbainteractive.com\/index.php\/wp-json\/wp\/v2\/product\/3134"}],"collection":[{"href":"https:\/\/yumbainteractive.com\/index.php\/wp-json\/wp\/v2\/product"}],"about":[{"href":"https:\/\/yumbainteractive.com\/index.php\/wp-json\/wp\/v2\/types\/product"}],"replies":[{"embeddable":true,"href":"https:\/\/yumbainteractive.com\/index.php\/wp-json\/wp\/v2\/comments?post=3134"}],"wp:featuredmedia":[{"embeddable":true,"href":"https:\/\/yumbainteractive.com\/index.php\/wp-json\/wp\/v2\/media\/3135"}],"wp:attachment":[{"href":"https:\/\/yumbainteractive.com\/index.php\/wp-json\/wp\/v2\/media?parent=3134"}],"curies":[{"name":"wp","href":"https:\/\/api.w.org\/{rel}","templated":true}]}}