{"id":2908,"date":"2023-12-06T10:50:11","date_gmt":"2023-12-06T13:50:11","guid":{"rendered":"https:\/\/yumbainteractive.com\/?post_type=product&#038;p=2908"},"modified":"2025-09-18T09:49:30","modified_gmt":"2025-09-18T12:49:30","slug":"mosaic-photo-wall-empresas","status":"publish","type":"product","link":"https:\/\/yumbainteractive.com\/index.php\/producto\/mosaic-photo-wall-empresas\/","title":{"rendered":"Mosaic Photo Wall (Empresas)"},"content":{"rendered":"<h6>Este servicio es especial para expresar integridad en la empresa, la sinergia y el trabajo en equipo.<\/h6>\n<p>&nbsp;<\/p>\n<figure id=\"attachment_2909\" aria-describedby=\"caption-attachment-2909\" style=\"width: 1024px\" class=\"wp-caption aligncenter\"><img decoding=\"async\" class=\"size-large wp-image-2909\" src=\"https:\/\/yumbainteractive.com\/wp-content\/uploads\/2023\/12\/Coca-Cola-1024x576.jpg\" alt=\"\" width=\"1024\" height=\"576\" srcset=\"https:\/\/yumbainteractive.com\/wp-content\/uploads\/2023\/12\/Coca-Cola-1024x576.jpg 1024w, https:\/\/yumbainteractive.com\/wp-content\/uploads\/2023\/12\/Coca-Cola-300x169.jpg 300w, https:\/\/yumbainteractive.com\/wp-content\/uploads\/2023\/12\/Coca-Cola-768x432.jpg 768w, https:\/\/yumbainteractive.com\/wp-content\/uploads\/2023\/12\/Coca-Cola-1536x864.jpg 1536w, https:\/\/yumbainteractive.com\/wp-content\/uploads\/2023\/12\/Coca-Cola-600x338.jpg 600w, https:\/\/yumbainteractive.com\/wp-content\/uploads\/2023\/12\/Coca-Cola.jpg 1600w\" sizes=\"(max-width: 1024px) 100vw, 1024px\" \/><figcaption id=\"caption-attachment-2909\" class=\"wp-caption-text\">Coca Cola<\/figcaption><\/figure>\n<p>&nbsp;<\/p>\n<h3>COMO FUNCIONA<\/h3>\n<h6>PASO 1: Hacer la mejor pose y tomarse una foto.<\/h6>\n<h6>PASO 2: Un software especial que tenemos genera una impresi\u00f3n que deber\u00e1 colocarse en el Mural.<br \/>\nPASO 3: Los invitados colocan las fotos en el Mural hasta que se completa y queda de recuerdo.<\/h6>\n<h6>Photo Mosaic Wall crea mosaicos f\u00edsicos a partir de fotos de eventos en vivo en tiempo real. Las fotos se obtienen autom\u00e1ticamente desde nuestro fot\u00f3grafo, cabina de fotos o t\u00f3tem que estar\u00e1 en el lugar.<\/h6>\n<p>&nbsp;<\/p>\n<h1 style=\"text-align: center;\">MOSAIC PHOTO WALL<\/h1>\n<p style=\"font-size: 16px; font-style: normal; font-weight: 400;\"><img decoding=\"async\" class=\"alignnone size-large wp-image-2910 aligncenter\" src=\"https:\/\/yumbainteractive.com\/wp-content\/uploads\/2023\/12\/DSC_0918-1024x683.jpg\" alt=\"\" width=\"1024\" height=\"683\" srcset=\"https:\/\/yumbainteractive.com\/wp-content\/uploads\/2023\/12\/DSC_0918-1024x683.jpg 1024w, https:\/\/yumbainteractive.com\/wp-content\/uploads\/2023\/12\/DSC_0918-300x200.jpg 300w, https:\/\/yumbainteractive.com\/wp-content\/uploads\/2023\/12\/DSC_0918-768x512.jpg 768w, https:\/\/yumbainteractive.com\/wp-content\/uploads\/2023\/12\/DSC_0918-1536x1025.jpg 1536w, https:\/\/yumbainteractive.com\/wp-content\/uploads\/2023\/12\/DSC_0918-2048x1367.jpg 2048w, https:\/\/yumbainteractive.com\/wp-content\/uploads\/2023\/12\/DSC_0918-600x400.jpg 600w\" sizes=\"(max-width: 1024px) 100vw, 1024px\" \/><\/p>\n<figure id=\"attachment_2570\" aria-describedby=\"caption-attachment-2570\" style=\"width: 771px\" class=\"wp-caption aligncenter\"><img decoding=\"async\" class=\"size-large wp-image-2570\" src=\"https:\/\/yumbainteractive.com\/wp-content\/uploads\/2021\/02\/IMG_20221102_134704515-771x1024.jpg\" alt=\"\" width=\"771\" height=\"1024\" srcset=\"https:\/\/yumbainteractive.com\/wp-content\/uploads\/2021\/02\/IMG_20221102_134704515-771x1024.jpg 771w, https:\/\/yumbainteractive.com\/wp-content\/uploads\/2021\/02\/IMG_20221102_134704515-226x300.jpg 226w, https:\/\/yumbainteractive.com\/wp-content\/uploads\/2021\/02\/IMG_20221102_134704515-768x1020.jpg 768w, https:\/\/yumbainteractive.com\/wp-content\/uploads\/2021\/02\/IMG_20221102_134704515-1157x1536.jpg 1157w, https:\/\/yumbainteractive.com\/wp-content\/uploads\/2021\/02\/IMG_20221102_134704515-1542x2048.jpg 1542w, https:\/\/yumbainteractive.com\/wp-content\/uploads\/2021\/02\/IMG_20221102_134704515-600x797.jpg 600w, https:\/\/yumbainteractive.com\/wp-content\/uploads\/2021\/02\/IMG_20221102_134704515-scaled.jpg 1928w\" sizes=\"(max-width: 771px) 100vw, 771px\" \/><figcaption id=\"caption-attachment-2570\" class=\"wp-caption-text\">Wagmi<\/figcaption><\/figure>\n<p>Tenemos este nuevo servicio para disfrutar en tu evento o promover tu marca. De cerca, se ven fotos individuales; m\u00e1s atr\u00e1s, se revela el mosaico.<\/p>\n<p>&nbsp;<\/p>\n<p><strong><span style=\"color: #0000ff;\">El mural de fotos hace que cuando miren el panorama general se pueda ver una foto formada por todas las fotos mas peque\u00f1as.<\/span> Photo Mosaic Wall<\/strong> crea un mural f\u00edsico a partir de fotos de eventos en vivo en tiempo real.<\/p>\n<p>&nbsp;<\/p>\n<p><strong>Nuestro Mosaic Photo Wall<\/strong> imprime autom\u00e1ticamente las fotos con alta calidad de impresi\u00f3n y colores n\u00edtidos, para que los invitados disfruten cuando se llevan tu souvenir. Los invitados pueden participar en la experiencia interactiva colocando la impresi\u00f3n correspondiente en el mural, con un n\u00famero de FILA y un n\u00famero de COLUMNA.<\/p>\n<p>El resultado final: un hermoso mosaico de fotos del evento. \u00a1Haga que todos formen parte de una gran foto, en eventos o en la oficina con el logo de su marca!<\/p>\n<div id='gallery-1' class='gallery galleryid-2908 gallery-columns-3 gallery-size-thumbnail'><figure class='gallery-item'>\n\t\t\t<div class='gallery-icon landscape'>\n\t\t\t\t<a href='https:\/\/yumbainteractive.com\/?attachment_id=1831'><img width=\"150\" height=\"150\" src=\"https:\/\/yumbainteractive.com\/wp-content\/uploads\/2021\/02\/Foto-2-150x150.jpg\" class=\"attachment-thumbnail size-thumbnail\" alt=\"\" decoding=\"async\" srcset=\"https:\/\/yumbainteractive.com\/wp-content\/uploads\/2021\/02\/Foto-2-150x150.jpg 150w, https:\/\/yumbainteractive.com\/wp-content\/uploads\/2021\/02\/Foto-2-300x300.jpg 300w, https:\/\/yumbainteractive.com\/wp-content\/uploads\/2021\/02\/Foto-2-1024x1024.jpg 1024w, https:\/\/yumbainteractive.com\/wp-content\/uploads\/2021\/02\/Foto-2-768x768.jpg 768w, https:\/\/yumbainteractive.com\/wp-content\/uploads\/2021\/02\/Foto-2-1536x1536.jpg 1536w, https:\/\/yumbainteractive.com\/wp-content\/uploads\/2021\/02\/Foto-2-2048x2048.jpg 2048w, https:\/\/yumbainteractive.com\/wp-content\/uploads\/2021\/02\/Foto-2-600x600.jpg 600w, https:\/\/yumbainteractive.com\/wp-content\/uploads\/2021\/02\/Foto-2-100x100.jpg 100w\" sizes=\"(max-width: 150px) 100vw, 150px\" \/><\/a>\n\t\t\t<\/div><\/figure><figure class='gallery-item'>\n\t\t\t<div class='gallery-icon landscape'>\n\t\t\t\t<a href='https:\/\/yumbainteractive.com\/?attachment_id=1832'><img width=\"150\" height=\"150\" src=\"https:\/\/yumbainteractive.com\/wp-content\/uploads\/2021\/02\/Foto-3-150x150.jpg\" class=\"attachment-thumbnail size-thumbnail\" alt=\"\" decoding=\"async\" srcset=\"https:\/\/yumbainteractive.com\/wp-content\/uploads\/2021\/02\/Foto-3-150x150.jpg 150w, https:\/\/yumbainteractive.com\/wp-content\/uploads\/2021\/02\/Foto-3-300x300.jpg 300w, https:\/\/yumbainteractive.com\/wp-content\/uploads\/2021\/02\/Foto-3-1024x1024.jpg 1024w, https:\/\/yumbainteractive.com\/wp-content\/uploads\/2021\/02\/Foto-3-768x768.jpg 768w, https:\/\/yumbainteractive.com\/wp-content\/uploads\/2021\/02\/Foto-3-1536x1536.jpg 1536w, https:\/\/yumbainteractive.com\/wp-content\/uploads\/2021\/02\/Foto-3-2048x2048.jpg 2048w, https:\/\/yumbainteractive.com\/wp-content\/uploads\/2021\/02\/Foto-3-600x600.jpg 600w, https:\/\/yumbainteractive.com\/wp-content\/uploads\/2021\/02\/Foto-3-100x100.jpg 100w\" sizes=\"(max-width: 150px) 100vw, 150px\" \/><\/a>\n\t\t\t<\/div><\/figure><figure class='gallery-item'>\n\t\t\t<div class='gallery-icon landscape'>\n\t\t\t\t<a href='https:\/\/yumbainteractive.com\/?attachment_id=1833'><img width=\"150\" height=\"150\" src=\"https:\/\/yumbainteractive.com\/wp-content\/uploads\/2021\/02\/Foto-6-150x150.jpg\" class=\"attachment-thumbnail size-thumbnail\" alt=\"\" decoding=\"async\" srcset=\"https:\/\/yumbainteractive.com\/wp-content\/uploads\/2021\/02\/Foto-6-150x150.jpg 150w, https:\/\/yumbainteractive.com\/wp-content\/uploads\/2021\/02\/Foto-6-300x300.jpg 300w, https:\/\/yumbainteractive.com\/wp-content\/uploads\/2021\/02\/Foto-6-1024x1024.jpg 1024w, https:\/\/yumbainteractive.com\/wp-content\/uploads\/2021\/02\/Foto-6-768x768.jpg 768w, https:\/\/yumbainteractive.com\/wp-content\/uploads\/2021\/02\/Foto-6-1536x1536.jpg 1536w, https:\/\/yumbainteractive.com\/wp-content\/uploads\/2021\/02\/Foto-6-2048x2048.jpg 2048w, https:\/\/yumbainteractive.com\/wp-content\/uploads\/2021\/02\/Foto-6-600x600.jpg 600w, https:\/\/yumbainteractive.com\/wp-content\/uploads\/2021\/02\/Foto-6-100x100.jpg 100w\" sizes=\"(max-width: 150px) 100vw, 150px\" \/><\/a>\n\t\t\t<\/div><\/figure><figure class='gallery-item'>\n\t\t\t<div class='gallery-icon landscape'>\n\t\t\t\t<a href='https:\/\/yumbainteractive.com\/?attachment_id=1834'><img width=\"150\" height=\"150\" src=\"https:\/\/yumbainteractive.com\/wp-content\/uploads\/2021\/02\/Foto-8-150x150.jpg\" class=\"attachment-thumbnail size-thumbnail\" alt=\"\" decoding=\"async\" srcset=\"https:\/\/yumbainteractive.com\/wp-content\/uploads\/2021\/02\/Foto-8-150x150.jpg 150w, https:\/\/yumbainteractive.com\/wp-content\/uploads\/2021\/02\/Foto-8-300x300.jpg 300w, https:\/\/yumbainteractive.com\/wp-content\/uploads\/2021\/02\/Foto-8-1024x1024.jpg 1024w, https:\/\/yumbainteractive.com\/wp-content\/uploads\/2021\/02\/Foto-8-768x768.jpg 768w, https:\/\/yumbainteractive.com\/wp-content\/uploads\/2021\/02\/Foto-8-1536x1536.jpg 1536w, https:\/\/yumbainteractive.com\/wp-content\/uploads\/2021\/02\/Foto-8-2048x2048.jpg 2048w, https:\/\/yumbainteractive.com\/wp-content\/uploads\/2021\/02\/Foto-8-600x600.jpg 600w, https:\/\/yumbainteractive.com\/wp-content\/uploads\/2021\/02\/Foto-8-100x100.jpg 100w\" sizes=\"(max-width: 150px) 100vw, 150px\" \/><\/a>\n\t\t\t<\/div><\/figure><figure class='gallery-item'>\n\t\t\t<div class='gallery-icon landscape'>\n\t\t\t\t<a href='https:\/\/yumbainteractive.com\/?attachment_id=1835'><img width=\"150\" height=\"150\" src=\"https:\/\/yumbainteractive.com\/wp-content\/uploads\/2021\/02\/Foto-9-150x150.jpg\" class=\"attachment-thumbnail size-thumbnail\" alt=\"\" decoding=\"async\" srcset=\"https:\/\/yumbainteractive.com\/wp-content\/uploads\/2021\/02\/Foto-9-150x150.jpg 150w, https:\/\/yumbainteractive.com\/wp-content\/uploads\/2021\/02\/Foto-9-300x300.jpg 300w, https:\/\/yumbainteractive.com\/wp-content\/uploads\/2021\/02\/Foto-9-1024x1024.jpg 1024w, https:\/\/yumbainteractive.com\/wp-content\/uploads\/2021\/02\/Foto-9-768x768.jpg 768w, https:\/\/yumbainteractive.com\/wp-content\/uploads\/2021\/02\/Foto-9-1536x1536.jpg 1536w, https:\/\/yumbainteractive.com\/wp-content\/uploads\/2021\/02\/Foto-9-2048x2048.jpg 2048w, https:\/\/yumbainteractive.com\/wp-content\/uploads\/2021\/02\/Foto-9-600x600.jpg 600w, https:\/\/yumbainteractive.com\/wp-content\/uploads\/2021\/02\/Foto-9-100x100.jpg 100w\" sizes=\"(max-width: 150px) 100vw, 150px\" \/><\/a>\n\t\t\t<\/div><\/figure><figure class='gallery-item'>\n\t\t\t<div class='gallery-icon landscape'>\n\t\t\t\t<a href='https:\/\/yumbainteractive.com\/?attachment_id=1836'><img width=\"150\" height=\"150\" src=\"https:\/\/yumbainteractive.com\/wp-content\/uploads\/2021\/02\/Foto-15-150x150.jpg\" class=\"attachment-thumbnail size-thumbnail\" alt=\"\" decoding=\"async\" srcset=\"https:\/\/yumbainteractive.com\/wp-content\/uploads\/2021\/02\/Foto-15-150x150.jpg 150w, https:\/\/yumbainteractive.com\/wp-content\/uploads\/2021\/02\/Foto-15-300x300.jpg 300w, https:\/\/yumbainteractive.com\/wp-content\/uploads\/2021\/02\/Foto-15-100x100.jpg 100w\" sizes=\"(max-width: 150px) 100vw, 150px\" \/><\/a>\n\t\t\t<\/div><\/figure><figure class='gallery-item'>\n\t\t\t<div class='gallery-icon landscape'>\n\t\t\t\t<a href='https:\/\/yumbainteractive.com\/?attachment_id=1837'><img width=\"150\" height=\"150\" src=\"https:\/\/yumbainteractive.com\/wp-content\/uploads\/2021\/02\/Foto-21-150x150.jpg\" class=\"attachment-thumbnail size-thumbnail\" alt=\"\" decoding=\"async\" srcset=\"https:\/\/yumbainteractive.com\/wp-content\/uploads\/2021\/02\/Foto-21-150x150.jpg 150w, https:\/\/yumbainteractive.com\/wp-content\/uploads\/2021\/02\/Foto-21-300x300.jpg 300w, https:\/\/yumbainteractive.com\/wp-content\/uploads\/2021\/02\/Foto-21-1024x1024.jpg 1024w, https:\/\/yumbainteractive.com\/wp-content\/uploads\/2021\/02\/Foto-21-768x768.jpg 768w, https:\/\/yumbainteractive.com\/wp-content\/uploads\/2021\/02\/Foto-21-1536x1536.jpg 1536w, https:\/\/yumbainteractive.com\/wp-content\/uploads\/2021\/02\/Foto-21-2048x2048.jpg 2048w, https:\/\/yumbainteractive.com\/wp-content\/uploads\/2021\/02\/Foto-21-600x600.jpg 600w, https:\/\/yumbainteractive.com\/wp-content\/uploads\/2021\/02\/Foto-21-100x100.jpg 100w\" sizes=\"(max-width: 150px) 100vw, 150px\" \/><\/a>\n\t\t\t<\/div><\/figure><figure class='gallery-item'>\n\t\t\t<div class='gallery-icon landscape'>\n\t\t\t\t<a href='https:\/\/yumbainteractive.com\/?attachment_id=1895'><img width=\"150\" height=\"150\" src=\"https:\/\/yumbainteractive.com\/wp-content\/uploads\/2021\/02\/IMG_5673-150x150.jpg\" class=\"attachment-thumbnail size-thumbnail\" alt=\"\" decoding=\"async\" srcset=\"https:\/\/yumbainteractive.com\/wp-content\/uploads\/2021\/02\/IMG_5673-150x150.jpg 150w, https:\/\/yumbainteractive.com\/wp-content\/uploads\/2021\/02\/IMG_5673-300x300.jpg 300w, https:\/\/yumbainteractive.com\/wp-content\/uploads\/2021\/02\/IMG_5673-100x100.jpg 100w\" sizes=\"(max-width: 150px) 100vw, 150px\" \/><\/a>\n\t\t\t<\/div><\/figure><figure class='gallery-item'>\n\t\t\t<div class='gallery-icon landscape'>\n\t\t\t\t<a href='https:\/\/yumbainteractive.com\/?attachment_id=1897'><img width=\"150\" height=\"150\" src=\"https:\/\/yumbainteractive.com\/wp-content\/uploads\/2021\/02\/IMG_5667-150x150.jpg\" class=\"attachment-thumbnail size-thumbnail\" alt=\"\" decoding=\"async\" srcset=\"https:\/\/yumbainteractive.com\/wp-content\/uploads\/2021\/02\/IMG_5667-150x150.jpg 150w, https:\/\/yumbainteractive.com\/wp-content\/uploads\/2021\/02\/IMG_5667-300x300.jpg 300w, https:\/\/yumbainteractive.com\/wp-content\/uploads\/2021\/02\/IMG_5667-100x100.jpg 100w\" sizes=\"(max-width: 150px) 100vw, 150px\" \/><\/a>\n\t\t\t<\/div><\/figure><figure class='gallery-item'>\n\t\t\t<div class='gallery-icon portrait'>\n\t\t\t\t<a href='https:\/\/yumbainteractive.com\/?attachment_id=1896'><img width=\"150\" height=\"150\" src=\"https:\/\/yumbainteractive.com\/wp-content\/uploads\/2021\/02\/IMG_20211225_004202710-150x150.jpg\" class=\"attachment-thumbnail size-thumbnail\" alt=\"\" decoding=\"async\" srcset=\"https:\/\/yumbainteractive.com\/wp-content\/uploads\/2021\/02\/IMG_20211225_004202710-150x150.jpg 150w, https:\/\/yumbainteractive.com\/wp-content\/uploads\/2021\/02\/IMG_20211225_004202710-300x300.jpg 300w, https:\/\/yumbainteractive.com\/wp-content\/uploads\/2021\/02\/IMG_20211225_004202710-100x100.jpg 100w\" sizes=\"(max-width: 150px) 100vw, 150px\" \/><\/a>\n\t\t\t<\/div><\/figure>\n\t\t<\/div>\n\n<p>&nbsp;<\/p>\n<p>Que incluye el servicio?<\/p>\n<ul>\n<li>Servicio por 2hs o hasta completar el mural.<\/li>\n<li>Mural f\u00edsico (la cantidad de fotos la definimos en base a la cantidad de asistentes)<\/li>\n<li>Dise\u00f1o personalizado en la foto que se env\u00eda por whatsapp o se imprime.<\/li>\n<li>Copia de las fotos digitales.<\/li>\n<li>Puede o no incluir Cotill\u00f3n.<\/li>\n<li>Personal de Yumba Interactive, un asistente y un t\u00e9cnico.<\/li>\n<\/ul>\n<p>&nbsp;<\/p>\n<p><iframe src=\"https:\/\/www.youtube.com\/embed\/r4HudL8MAFw\" width=\"560\" height=\"315\" frameborder=\"0\" allowfullscreen=\"allowfullscreen\"><\/iframe><\/p>\n","protected":false},"excerpt":{"rendered":"<h6>Photo Mosaic Wall crea un mural f\u00edsico a partir de fotos de eventos en vivo en tiempo real.<\/h6>\n","protected":false},"featured_media":1329,"comment_status":"closed","ping_status":"closed","template":"","meta":[],"_links":{"self":[{"href":"https:\/\/yumbainteractive.com\/index.php\/wp-json\/wp\/v2\/product\/2908"}],"collection":[{"href":"https:\/\/yumbainteractive.com\/index.php\/wp-json\/wp\/v2\/product"}],"about":[{"href":"https:\/\/yumbainteractive.com\/index.php\/wp-json\/wp\/v2\/types\/product"}],"replies":[{"embeddable":true,"href":"https:\/\/yumbainteractive.com\/index.php\/wp-json\/wp\/v2\/comments?post=2908"}],"wp:featuredmedia":[{"embeddable":true,"href":"https:\/\/yumbainteractive.com\/index.php\/wp-json\/wp\/v2\/media\/1329"}],"wp:attachment":[{"href":"https:\/\/yumbainteractive.com\/index.php\/wp-json\/wp\/v2\/media?parent=2908"}],"curies":[{"name":"wp","href":"https:\/\/api.w.org\/{rel}","templated":true}]}}